 digit of q?
7
Suppose -4*t + 5*t = 4*w - 41, -3*t - 103 = -2*w. Let r = t + 47. Suppose -81 + r = -f. What is the units digit of f?
7
Let r(b) = 30*b + 46. Let n = 76 - 72. What is the units digit of r(n)?
6
Let i(z) = -2*z**3 + 17*z**2 + 9*z - 19. Let b(n) = -n**3 + 8*n**2 + 5*n - 9. Let l(m) = -5*b(m) + 3*i(m). What is the units digit of l(8)?
6
Let z(o) = 4*o**3 - 2*o**2 - 3*o + 2. Let r be z(2). Suppose 4*l + r = 0, -4*l + 56 = i - 68. What is the hundreds digit of i?
1
Let j(a) = 30 - 202*a - 31*a + 1. Let m be j(-8). What is the hundreds digit of m/15 + ((-16)/(-6))/4?
1
Let h(f) = -f**3 + 14*f**2 - 14*f + 16. Let v be h(13). Suppose 23 = 4*n + v*y, -n + 4*n = y + 1. What is the tens digit of (292/(-30) - n/(-5))*-6?
5
Suppose -4850 = 23*f - 30074 - 32253. What is the thousands digit of f?
2
Let x be 3/2*(-1952)/(-24)*11. Suppose -x = -7*f + 478. What is the hundreds digit of f?
2
Suppose -17*b - 5*h + 237782 = 0, 4*b - 55964 = -2*h - 3*h. What is the thousands digit of b?
3
Let q(k) = -k + 7. Let i be q(0). Suppose 13*m - i*m - 18 = 0. Suppose 9*j - m*j = 732. What is the hundreds digit of j?
1
Let n(w) = 28*w - 10. Let x be n(-14). Let s = x + 640. What is the tens digit of s?
3
Let i(x) = 9*x**2 + 5*x**2 - 12*x**2 - 2 + 2*x**2. Suppose 2*v - 1 = -7. What is the tens digit of i(v)?
3
Let g(x) = -x**2 + 7*x + 12. Let r be g(9). Let m be (-5 - -1)/(-2 + (-10)/r). What is the tens digit of ((-30)/(-4))/(2/m)?
4
Suppose -2 = 6*c - 14. Suppose -x - 2*s - 5 = 0, 2*x - 1 + 3 = -c*s. Suppose 5*k + 4*b = 355, x*k + 3*b = 2*k + 60. What is the units digit of k?
5
Suppose -136*v - 1101 = -139*v. Suppose g + b = 70 + v, 5*b = -g + 425. What is the tens digit of g?
4
Let d = -47318 + 102224. What is the units digit of d?
6
Suppose t - 3 = 3*z + 25, -4*z = -4*t + 40. Let i(g) = -13*g - 97. What is the tens digit of i(z)?
2
Let b(x) be the second derivative of -x**5/20 - 25*x**4/12 - 2*x**3/3 - 26*x**2 - 2*x. Let o = -1771 - -1746. What is the units digit of b(o)?
8
Let f = -7075 - -7225. What is the hundreds digit of f?
1
Suppose -q - 4*q + 15 = 0, 5*d + 2863 = -4*q. Let o = -360 - d. What is the hundreds digit of o?
2
Let t = 11743 - 5593. What is the units digit of t?
0
Let j = -324 - -308. What is the units digit of 0 + (-5416)/j - (-2)/4?
9
Suppose -5*h + 2574 = 2*y, 8*y - 5*y = 4*h - 2050. Suppose 3*v - h - 41 = 0. Suppose 5*d = 5*x - v, 0*d + 185 = 5*x + 4*d. What is the tens digit of x?
3
Let s(u) = -u**2 - 101*u - 57. Let k be s(0). Let f = 148 + -37. Let a = f + k. What is the units digit of a?
4
Let u(y) = -5*y + 2 + 1 - 5. Let r be u(-1). What is the units digit of -2 + 18/r - -15?
9
Let f = 419 + 451. Suppose b - 94 = -l + 126, 2*l = -4*b + f. What is the units digit of b?
5
Let p = -48 - -48. Suppose -3*a - 2*a + 630 = p. Let i = 208 - a. What is the tens digit of i?
8
Let g(j) = -14*j - 30. Let i be g(-3). Suppose -i*p + 2693 = -1159. What is the tens digit of p?
2
Let f be (5 - (-17)/(-7))*112. Suppose 0 = -h - 3*o + 316 + f, -2*h + 1209 = 5*o. What is the units digit of h?
7
Let d be (4 - (-110)/(-25))*-15. Let c(v) = -d + 134*v - 132*v - 11. What is the units digit of c(17)?
7
Suppose 8 = 16*i - 24. Suppose 429 + 167 = 3*n - 2*x, -i*n = -3*x - 389. What is the units digit of n?
2
What is the units digit of (438/(-5))/(1/2)*46750/(-255)?
0
Let d(k) = 3647*k - 2091. What is the units digit of d(10)?
9
Suppose q - 5*f = -154 - 18, 354 = -2*q + 5*f. What is the thousands digit of (-284999)/q + 4/56?
1
Let u = -477 + -1377. What is the hundreds digit of (0 + u)*(-10)/(-100)*-5?
9
Let o(c) be the second derivative of -c**5/20 + c**4 + 7*c**3/6 + 21*c**2/2 + 16*c. What is the hundreds digit of o(10)?
2
Let n = 98281 + -67993. What is the units digit of n?
8
Suppose -4*y + 20 = 0, 342 = -2*k - y + 1787. Let t be (0 - -2)*(-13)/(-2). Suppose 18*m - t*m = k. What is the units digit of m?
4
Suppose -210413 + 155341 = -25*j + 291578. What is the ten thousands digit of j?
1
Let l(d) be the second derivative of 5*d**4/4 - 2*d**3/3 + 17*d**2/2 + 45*d. What is the thousands digit of l(-8)?
1
Let h be (2/3 - 2/2)*-12. Suppose h*r = 2*v - 10, -4*v - 2*r = 2*r + 28. What is the tens digit of 0/3 + v + 59?
5
What is the hundreds digit of (-185428)/(-23) - (-950)/(-10925)?
0
Let i = 442 - 439. Suppose -2*w + i*a + 1369 = 0, -2*a = -2*w + 2*a + 1366. What is the tens digit of w?
8
What is the thousands digit of 5*((-100)/200)/((-1)/2582)?
6
Let s(k) = k**2 + 2*k - 1. Let o be s(1). Suppose -z + 4*z - 5*j + 138 = 0, o*z + 79 = -j. Let f = z + 172. What is the units digit of f?
1
Let l = -9390 - -20093. What is the tens digit of l?
0
Let d be 1/(2/(-4)) + 76. Let b(v) = v**3 + 9*v**2 - 26*v - 105. Let q be b(-11). Let a = d + q. What is the units digit of a?
3
Let t = 341 + -308. Suppose 2*u = -p - t + 35, 0 = 5*u + 5*p. What is the units digit of u?
2
Let u(m) = 13*m**3 - 37*m**2 + 185*m - 8. What is the units digit of u(14)?
2
Let l(v) = 26354*v**3 + 2*v**2 + 4*v - 5. What is the thousands digit of l(1)?
6
Let k = -297 + 299. What is the thousands digit of -2*4/k + 1225 + 2?
1
Suppose 0 = -9*w + 16*w - 287. Let h = -91 + w. What is the units digit of 69*(h/(-15) - 3)?
3
Let c(o) = 117*o + 64. Let h be c(6). What is the hundreds digit of 6/(772/h + -1)?
7
Let v = 132 + -132. Let y(z) = -3*z - 131. Let k be y(v). Let x = k - -233. What is the units digit of x?
2
Let w(p) = p**3 - 17*p**2 + 35*p - 222. What is the thousands digit of w(19)?
1
Let o be 5/(-100)*-10*(878 - 0). Let w = o - 251. What is the hundreds digit of w?
1
Let p = 46 - 42. Let a be (6/p)/(3/944). Suppose 7*l - 235 = a. What is the tens digit of l?
0
Let u = -265 - -477. What is the tens digit of (3 - 1) + u + -5?
0
Suppose -3*k + 2*k + 999 = 2*v, 0 = v + 3*k - 492. Suppose -v - 147 = 6*j. Let t = j + 117. What is the units digit of t?
9
Suppose 20*b + 2622 = 23*b. Suppose b = 4*f - 330. What is the units digit of f?
1
Suppose -150*i = -157*i + 1064. Suppose i*u + 2072 = 160*u. What is the tens digit of u?
5
Let x(v) = v**3 - 19*v**2 - 19*v + 23. Let y be x(20). Suppose 3*w = 175 - y. Let g = 37 + w. What is the units digit of g?
1
Let z = -77758 - -129081. What is the units digit of z?
3
Suppose -5*w - 93211 = -4*c, 5*w + 46583 = 847*c - 845*c. What is the hundreds digit of c?
3
Let s = 8331 - -32497. What is the ten thousands digit of s?
4
Let o = -2216 - -8829. What is the tens digit of o?
1
Let u(v) = v**3 - 10*v**2 + v - 31. Let q be u(9). Let a(j) = -220*j - 1. Let z be a(-1). Let c = q + z. What is the hundreds digit of c?
1
Let y(r) = 68*r - 121. Let z be y(8). Suppose z = 2*l - v - 405, -3*l = -2*v - 1241. What is the units digit of l?
5
Let m(c) = -266*c - 11. Let l(b) = 19*b + 4 + 46*b + 24*b. Let u(q) = -11*l(q) - 4*m(q). What is the units digit of u(1)?
5
Let b(t) be the first derivative of 22*t**3 - 13*t**2/2 - 99*t - 246. What is the thousands digit of b(-5)?
1
Let z(g) = g**3 + 7*g**2 + 4*g + 2. Let s be z(-7). Suppose 3*j = -3*y - 73 - 176, 423 = -5*j + 3*y. Let b = s - j. What is the tens digit of b?
5
Suppose -5*t = -2*f + 4196, 7394 = 3*f + 3*t + 1121. Suppose 6*v = 13*v - f. Suppose 2*b = 3*j - v, 161 = 2*j + 3*b - 21. What is the tens digit of j?
9
Suppose 26*f - 22*f = -536. Let c(g) = g**3 + 5*g**2 + 3*g - 4. Let h be c(-6). Let n = h - f. What is the tens digit of n?
7
Let p be (-4)/4 + (2*652)/2. Let o = p + -238. Suppose 10*b = 3*b + o. What is the tens digit of b?
5
Suppose 70*m - 588696 = -6*m. What is the hundreds digit of m?
7
Let b = -111 - -110. Let r(m) = 650*m**2 + 2*m + 2. What is the tens digit of r(b)?
5
Let w(k) = 2782*k - 156. Let s be w(10). Suppose h = 20*h - s. What is the hundreds digit of h?
4
Let p be 23166/273 - ((-12)/(-14) - 1). Suppose -p*n = -72*n - 6006. What is the tens digit of n?
6
Suppose 507*t - 391*t - 1940100 = 0. What is the tens digit of t?
2
Let w be (-22*2/(-16))/((-7)/(-28)). Let r be 42/w - 8/(-44). Suppose r*b + 5*q + 0*q - 287 = 0, -5*b + 367 = -2*q. What is the tens digit of b?
7
Suppose -140*p + 497862 = 13*p. What is the tens digit of p?
5
Suppose -2030*y = -2096*y + 994620. What is the ten thousands digit of y?
1
Suppose -s - 231 = g + 36, 0 = -5*s - 25. Let h = -107 - g. Suppose 3*p - h = 2*v, -3*v = -2*p + 2*v +